- v. What is the highest common divisor of f and 2?
2
Let s = 6 + -4. Let q = s + 23. Let m be (40/(-12))/((-4)/30). Calculate the highest common factor of m and q.
25
Let q be (-24)/18*(-9)/2. Suppose -3*x = -q, -4*s + 0*s - x = 10. Let f = 13 + s. Calculate the highest common divisor of 10 and f.
10
Let v be -3*(-1)/((-6)/(-8)). Suppose v*c - 10 = 14. Calculate the greatest common divisor of 6 and c.
6
Suppose -b + 6*b - 2*u - 28 = 0, 0 = -2*b + 4*u + 8. Let z = 1 - 0. Calculate the greatest common divisor of z and b.
1
Suppose 322 = 5*p - 1078. Calculate the greatest common divisor of 35 and p.
35
Let l(k) = k + 11. Let m be l(-11). Let c be m - (-2 - (-1)/1). Let z be (3/(-6))/c*-80. Calculate the highest common divisor of z and 5.
5
Let y be 8/12*(-627)/(-2). What is the highest common divisor of y and 19?
19
Suppose 4*n = -4*p, -6*p + p = n - 16. Suppose 279 = 5*o + 3*q, p*q + 44 = 3*o - 135. Suppose o = 2*l - 63. What is the highest common factor of 24 and l?
12
Suppose -n - 840 = -4*n. What is the highest common factor of n and 28?
28
Let l be ((-4)/5)/((-8)/420). What is the greatest common divisor of l and 6?
6
Suppose -4*w - 6 - 14 = 0. Let z = 6 + w. What is the highest common factor of z and 11?
1
Let y(v) = 24*v - 8. Let r = -14 - -20. Let f be y(r). Calculate the highest common divisor of f and 17.
17
Suppose 4*z = 1 + 3. Let p = 1 + 6. Calculate the greatest common factor of p and z.
1
Let s(p) = -p + 9. Let i be s(-8). What is the highest common divisor of i and 85?
17
Let m = 21 - 8. Let c be m/1 + (-14)/7. Calculate the highest common factor of c and 44.
11
Let b(g) = 3*g**2 - 8*g - 3. Let l be b(4). What is the greatest common divisor of l and 2?
1
Let r be 17 + 1*(-1 - -1). Let h(b) = b + 10. Let a be h(-7). Suppose 0 = s + a*t - 36, 3*t = -2*s + 7*s - 270. What is the greatest common divisor of s and r?
17
Let g = -73 - -107. What is the highest common factor of g and 272?
34
Let p(d) = 3*d - 1. Let c be p(-1). Let x be -3*c*(-3)/(-2). Calculate the highest common divisor of x and 6.
6
Suppose 0 = 2*l - 9 - 1. Suppose 0 = 4*p - 2*r - 22, l*r + 3 + 10 = 3*p. Let m = -19 - -73. What is the highest common factor of p and m?
6
Let c = 26 + -20. What is the highest common divisor of 24 and c?
6
Suppose -3*k + 25 = 2*a, -2*a + 9 = 2*k - 7. What is the greatest common factor of k and 9?
9
Suppose 6*d - 4*d = 4. Let v = 4 - d. Suppose -v*c + 20 = -10. Calculate the greatest common factor of c and 120.
15
Let a = 295 - 95. Calculate the greatest common divisor of 25 and a.
25
Let j = -14 + 24. Let a = 48 - 25. Let u = -13 + a. What is the greatest common divisor of j and u?
10
Let l = -18 + 21. What is the greatest common divisor of l and 3?
3
Suppose 3*v = 7*v - 4. Let a = v - -3. Let b = 12 + a. What is the highest common divisor of 2 and b?
2
Let k(r) = 3*r**2 - 35*r - 20. Let m be k(15). What is the highest common divisor of 52 and m?
26
Let j(t) = -12*t + 15. Let l be j(-7). Calculate the greatest common factor of l and 9.
9
Suppose -5*g - 250 = 100. Let b be (1 - 3 - g) + 0. What is the highest common divisor of b and 34?
34
Let g be (-1)/2*(-2 + 0). Let i be (g + 191)*(-2)/(-4). Suppose -2*v + i = 2*v. Calculate the highest common factor of 12 and v.
12
Let k be 120/(-18)*6/(-4). Let s = 19 - k. Let q = -44 + 107. Calculate the highest common factor of s and q.
9
Suppose 9 = 3*i - 9. Let o be (-376)/(-12)*i/4. Let y = o + -28. Calculate the highest common factor of y and 152.
19
Let u(o) be the first derivative of o**3/3 + o**2 - 15*o + 4. Let x be u(-12). Calculate the greatest common factor of 15 and x.
15
Suppose -5*a = -14 - 41. Let g(q) = 18*q**2 + 5*q**2 - q**2. Let b be g(-1). What is the highest common factor of a and b?
11
Let l(r) = r**3 + 4*r**2 - r - 3. Let a be l(-3). Calculate the highest common factor of 54 and a.
9
Suppose -4*b = -b - 72. Calculate the highest common factor of b and 12.
12
Let p be (2 + -2 - -2) + -3. Let y(x) = -2 + 0 - 20*x + 3 - 24*x. Let i be y(p). Calculate the greatest common factor of 30 and i.
15
Let n be (2 - (-11)/(-3))/(235/(-846)). Suppose -3*x + 4*t + 203 = -t, 2*t = 5*x - 332. What is the greatest common factor of x and n?
6
Let k be (-1)/(1/(-52 - 3)). Suppose 0*y - 5*y = -k. Calculate the highest common factor of y and 99.
11
Suppose 3*l - 5*l = 18. Let y(f) = f**2 + 9*f + 6. Let n be y(l). What is the greatest common factor of n and 6?
6
Let i(z) = 2*z**2 + z. Let j be i(4). Let q = -2 + 14. What is the greatest common factor of q and j?
12
Suppose -y = 5*c - 1 + 13, -18 = -y + c. What is the highest common divisor of y and 65?
13
Suppose -31 = -3*c - 3*g + 44, 5*c - 4*g - 98 = 0. Calculate the greatest common factor of 176 and c.
22
Let d = 4 - 0. Suppose 0 = 2*n + k - 8 - 10, 24 = 2*n + 4*k. Calculate the greatest common factor of n and d.
4
Let q = 29 + 21. What is the highest common factor of q and 20?
10
Suppose 0*o + 85 = 5*o - c, 3*o - c - 53 = 0. Calculate the greatest common factor of o and 4.
4
Let x(f) = -f**3 + 9*f**2 + 12*f - 2. Let k be x(10). Let c be (0 - 3) + 72 - -3. What is the highest common divisor of k and c?
18
Let l be 66/(4 - 2) + -2. Let s(a) = 3*a**2 + 6*a + 11. Let d be s(-8). What is the greatest common divisor of l and d?
31
Let o be 1 - (428/(-84) + 12/126). Suppose 0 = z + 3*z - 36. What is the greatest common factor of o and z?
3
Let i(v) be the second derivative of 1/2*v**2 - 1/3*v**3 - 3*v + 1/12*v**4 + 0. Let h be i(5). What is the greatest common divisor of 48 and h?
16
Let i(b) = 3*b - 5. Let x(f) = f. Let s(r) = -i(r) + 4*x(r). Let j be s(5). What is the highest common divisor of 50 and j?
10
Suppose 6 - 31 = -5*b. Let z = 110 - 75. Calculate the highest common divisor of z and b.
5
Let d(v) = -6*v + 58. Let y be d(9). What is the highest common divisor of 14 and y?
2
Let a be 4 + 0 + (-80)/(-5). What is the highest common divisor of a and 320?
20
Let i be (-8 - 6)*2/4. Let y = 23 + i. What is the greatest common factor of y and 2?
2
Suppose 7*d - 16*d = -3330. Calculate the greatest common divisor of d and 37.
37
Let x = 9 + 0. What is the greatest common factor of 45 and x?
9
Suppose 8*o = 3*o + 165. Calculate the greatest common factor of o and 44.
11
Let k(b) = 3*b**2 + 2*b - 1. Suppose -4*g = -2*p - 3*p + 1, 2*p = 2*g. Let m be k(g). Suppose -2*h = 18 - 82. Calculate the greatest common divisor of h and m.
4
Let i = 37 + -13. Calculate the greatest common factor of i and 16.
8
Suppose 3*s = u - 10, 2*s + 3*u = 8 - 33. Let b(o) = o + 7. Let q be b(s). Let h be 17 - (1/(-1) - -2). Calculate the highest common factor of h and q.
2
Let g = -17 - -23. Suppose 0*s + 2*s = 60. Calculate the highest common factor of g and s.
6
Let v be 4/(-12)*-1*(34 - 1). Calculate the highest common factor of v and 1.
1
Let t = 37 - 25. Let o(d) = d**3 - 12*d**2 + 4. Let j be o(t). Let i be 1/2 - (-126)/j. Calculate the greatest common factor of 4 and i.
4
Suppose 0 - 5 = -3*a - 5*c, 3*a = 3*c + 21. Suppose -6*k - a*t = -2*k - 31, k = -t + 9. Calculate the highest common factor of k and 28.
14
Let p be 2/(-3) - (-318)/18. Suppose 3*o - 837 = -0*o. Suppose 0 = 4*x - o + 75. Calculate the greatest common factor of x and p.
17
Let s(c) = -19*c - 5. Let a be s(-5). Let z(y) = -5*y + 4. Let n be z(-1). Calculate the greatest common divisor of a and n.
9
Let j(t) = 13*t**2 + 2*t - 3. Let a be j(3). Calculate the greatest common divisor of 24 and a.
24
Suppose 10*a - 4*y = 7*a + 176, 0 = -4*a - y + 203. Let q = 11 - -2. What is the greatest common divisor of a and q?
13
Suppose -3*g + 5*g = 24. Let h = 1 + g. What is the highest common divisor of h and 13?
13
Let s = 130 + -102. What is the greatest common divisor of s and 112?
28
Suppose u + 3*u + 8 = 5*z, z - 2*u - 4 = 0. Suppose z = -2*y - 0*y + 40. Suppose -6*i = -i - 200. What is the greatest common factor of i and y?
20
Let v(x) = x**3 - 7*x**2 - 10*x - 6. Let c be v(9). Calculate the highest common divisor of 6 and c.
6
Let f(d) = 2*d**3 + 4*d**2 - 7*d - 5. Let m be f(-4). Let j = -13 - m. Calculate the highest common divisor of j and 4.
4
Let n be (80 + -1 + -1)/((-12)/(-8)). Let g(w) = -w**3 - 2*w**2 - w + 1. Let k be g(-3). What is the greatest common factor of n and k?
13
Let a(p) = p**2 - 3*p -